{"id":789,"date":"2021-04-27T16:10:46","date_gmt":"2021-04-27T16:10:46","guid":{"rendered":"https:\/\/www.nueziger-edelbrenner.at\/?page_id=789"},"modified":"2021-04-27T16:22:20","modified_gmt":"2021-04-27T16:22:20","slug":"praesentation","status":"publish","type":"page","link":"https:\/\/www.nueziger-edelbrenner.at\/index.php\/praesentation\/","title":{"rendered":"Pr\u00e4sentation in N\u00fcziders"},"content":{"rendered":"<div data-colibri-id=\"789-c1\" class=\"style-562 style-local-789-c1 position-relative\">\r\n  <!---->\r\n  <div data-colibri-component=\"section\" data-colibri-id=\"789-c2\" id=\"custom\" class=\"h-section h-section-global-spacing d-flex align-items-lg-center align-items-md-center align-items-center style-563 style-local-789-c2 position-relative\">\r\n    <!---->\r\n    <!---->\r\n    <div class=\"h-section-grid-container h-section-boxed-container\">\r\n      <!---->\r\n      <div data-colibri-id=\"789-c3\" class=\"h-row-container gutters-row-lg-2 gutters-row-md-2 gutters-row-0 gutters-row-v-lg-2 gutters-row-v-md-2 gutters-row-v-2 style-564 style-local-789-c3 position-relative\">\r\n        <!---->\r\n        <div class=\"h-row justify-content-lg-center justify-content-md-center justify-content-center align-items-lg-stretch align-items-md-stretch align-items-stretch gutters-col-lg-2 gutters-col-md-2 gutters-col-0 gutters-col-v-lg-2 gutters-col-v-md-2 gutters-col-v-2\">\r\n          <!---->\r\n          <div class=\"h-column h-column-container d-flex h-col-lg-auto h-col-md-auto h-col-auto style-565-outer style-local-789-c4-outer\">\r\n            <div data-colibri-id=\"789-c4\" class=\"d-flex h-flex-basis h-column__inner h-px-lg-2 h-px-md-2 h-px-2 v-inner-lg-2 v-inner-md-2 v-inner-2 style-565 style-local-789-c4 position-relative\">\r\n              <!---->\r\n              <!---->\r\n              <div class=\"w-100 h-y-container h-column__content h-column__v-align flex-basis-100 align-self-lg-start align-self-md-start align-self-start\">\r\n                <!---->\r\n                <div data-colibri-id=\"789-c6\" class=\"h-text h-text-component style-567 style-local-789-c6 position-relative h-element\">\r\n                  <!---->\r\n                  <!---->\r\n                  <div class=\"\">\r\n                    <p>Aufgrund der Pandemie konnten wird leider\r\n                      <br>keine \u00f6ffentliche Pr\u00e4sentation unseres ersten Edelbrandes durchf\u00fchren.<\/p>\r\n                    <p>Alle 184 Flaschen wurden aber pers\u00f6nlich an die Besteller \u00fcbergeben.<\/p>\r\n                    <p>Wir hoffen, dass wir bei kommenden Projekten ihnen als bestehender&nbsp;\r\n                      <br>oder zuk\u00fcnftiger Kunde mehr Einblicke in die Herstellung eines Edelbrandes gew\u00e4hren k\u00f6nnen.<\/p>\r\n                    <p>Ideen haben wir schon &#8230;<\/p>\r\n                  <\/div>\r\n                <\/div>\r\n              <\/div>\r\n            <\/div>\r\n          <\/div>\r\n          <div class=\"h-column h-column-container d-flex h-col-lg-auto h-col-md-auto h-col-auto style-566-outer style-local-789-c5-outer\">\r\n            <div data-colibri-id=\"789-c5\" class=\"d-flex h-flex-basis h-column__inner h-px-lg-2 h-px-md-2 h-px-2 v-inner-lg-2 v-inner-md-2 v-inner-2 style-566 style-local-789-c5 position-relative\">\r\n              <!---->\r\n              <!---->\r\n              <div class=\"w-100 h-y-container h-column__content h-column__v-align flex-basis-100 align-self-lg-start align-self-md-start align-self-start\">\r\n                <!---->\r\n                <div data-colibri-id=\"789-c7\" class=\"d-block style-568 style-local-789-c7 position-relative h-element\">\r\n                  <!---->\r\n                  <div class=\"h-image__frame-container-outer\">\r\n                    <div class=\"h-image__frame-container\">\r\n                      <!---->\r\n                      <!---->\r\n                      <img loading=\"lazy\" decoding=\"async\" width=\"669\" height=\"600\" src=\"https:\/\/www.nueziger-edelbrenner.at\/wp-content\/uploads\/2021\/04\/Flasche.jpg\" class=\"wp-image-792 style-568-image style-local-789-c7-image\" alt=\"\" srcset=\"https:\/\/www.nueziger-edelbrenner.at\/wp-content\/uploads\/2021\/04\/Flasche.jpg 669w, https:\/\/www.nueziger-edelbrenner.at\/wp-content\/uploads\/2021\/04\/Flasche-300x269.jpg 300w\" sizes=\"auto, (max-width: 669px) 100vw, 669px\" \/>\r\n                      <div class=\"h-image__frame h-hide-lg h-hide-md h-hide-sm style-568-frameImage style-local-789-c7-frameImage\"><\/div>\r\n                    <\/div>\r\n                  <\/div>\r\n                <\/div>\r\n              <\/div>\r\n            <\/div>\r\n          <\/div>\r\n        <\/div>\r\n      <\/div>\r\n    <\/div>\r\n  <\/div>\r\n<\/div>","protected":false},"excerpt":{"rendered":"<p>Aufgrund der Pandemie konnten wird leider keine \u00f6ffentliche Pr\u00e4sentation unseres ersten Edelbrandes durchf\u00fchren. Alle 184 Flaschen wurden aber pers\u00f6nlich an die Besteller \u00fcbergeben. Wir hoffen, dass wir bei kommenden Projekten ihnen als bestehender&nbsp; oder zuk\u00fcnftiger Kunde mehr Einblicke in die Herstellung eines Edelbrandes gew\u00e4hren k\u00f6nnen. Ideen haben wir schon &#8230;<\/p>\n","protected":false},"author":1,"featured_media":0,"parent":0,"menu_order":0,"comment_status":"closed","ping_status":"closed","template":"page-templates\/full-width-page.php","meta":{"footnotes":""},"class_list":["post-789","page","type-page","status-publish","hentry"],"_links":{"self":[{"href":"https:\/\/www.nueziger-edelbrenner.at\/index.php\/wp-json\/wp\/v2\/pages\/789","targetHints":{"allow":["GET"]}}],"collection":[{"href":"https:\/\/www.nueziger-edelbrenner.at\/index.php\/wp-json\/wp\/v2\/pages"}],"about":[{"href":"https:\/\/www.nueziger-edelbrenner.at\/index.php\/wp-json\/wp\/v2\/types\/page"}],"author":[{"embeddable":true,"href":"https:\/\/www.nueziger-edelbrenner.at\/index.php\/wp-json\/wp\/v2\/users\/1"}],"replies":[{"embeddable":true,"href":"https:\/\/www.nueziger-edelbrenner.at\/index.php\/wp-json\/wp\/v2\/comments?post=789"}],"version-history":[{"count":3,"href":"https:\/\/www.nueziger-edelbrenner.at\/index.php\/wp-json\/wp\/v2\/pages\/789\/revisions"}],"predecessor-version":[{"id":808,"href":"https:\/\/www.nueziger-edelbrenner.at\/index.php\/wp-json\/wp\/v2\/pages\/789\/revisions\/808"}],"wp:attachment":[{"href":"https:\/\/www.nueziger-edelbrenner.at\/index.php\/wp-json\/wp\/v2\/media?parent=789"}],"curies":[{"name":"wp","href":"https:\/\/api.w.org\/{rel}","templated":true}]}}

Präsentation in Nüziders

<div data-colibri-id="789-c1" class="style-562 style-local-789-c1 position-relative">
  <!---->
  <div data-colibri-component="section" data-colibri-id="789-c2" id="custom" class="h-section h-section-global-spacing d-flex align-items-lg-center align-items-md-center align-items-center style-563 style-local-789-c2 position-relative">
    <!---->
    <!---->
    <div class="h-section-grid-container h-section-boxed-container">
      <!---->
      <div data-colibri-id="789-c3" class="h-row-container gutters-row-lg-2 gutters-row-md-2 gutters-row-0 gutters-row-v-lg-2 gutters-row-v-md-2 gutters-row-v-2 style-564 style-local-789-c3 position-relative">
        <!---->
        <div class="h-row justify-content-lg-center justify-content-md-center justify-content-center align-items-lg-stretch align-items-md-stretch align-items-stretch gutters-col-lg-2 gutters-col-md-2 gutters-col-0 gutters-col-v-lg-2 gutters-col-v-md-2 gutters-col-v-2">
          <!---->
          <div class="h-column h-column-container d-flex h-col-lg-auto h-col-md-auto h-col-auto style-565-outer style-local-789-c4-outer">
            <div data-colibri-id="789-c4" class="d-flex h-flex-basis h-column__inner h-px-lg-2 h-px-md-2 h-px-2 v-inner-lg-2 v-inner-md-2 v-inner-2 style-565 style-local-789-c4 position-relative">
              <!---->
              <!---->
              <div class="w-100 h-y-container h-column__content h-column__v-align flex-basis-100 align-self-lg-start align-self-md-start align-self-start">
                <!---->
                <div data-colibri-id="789-c6" class="h-text h-text-component style-567 style-local-789-c6 position-relative h-element">
                  <!---->
                  <!---->
                  <div class="">
                    <p>Aufgrund der Pandemie konnten wird leider
                      <br>keine öffentliche Präsentation unseres ersten Edelbrandes durchführen.</p>
                    <p>Alle 184 Flaschen wurden aber persönlich an die Besteller übergeben.</p>
                    <p>Wir hoffen, dass wir bei kommenden Projekten ihnen als bestehender&nbsp;
                      <br>oder zukünftiger Kunde mehr Einblicke in die Herstellung eines Edelbrandes gewähren können.</p>
                    <p>Ideen haben wir schon &#8230;</p>
                  </div>
                </div>
              </div>
            </div>
          </div>
          <div class="h-column h-column-container d-flex h-col-lg-auto h-col-md-auto h-col-auto style-566-outer style-local-789-c5-outer">
            <div data-colibri-id="789-c5" class="d-flex h-flex-basis h-column__inner h-px-lg-2 h-px-md-2 h-px-2 v-inner-lg-2 v-inner-md-2 v-inner-2 style-566 style-local-789-c5 position-relative">
              <!---->
              <!---->
              <div class="w-100 h-y-container h-column__content h-column__v-align flex-basis-100 align-self-lg-start align-self-md-start align-self-start">
                <!---->
                <div data-colibri-id="789-c7" class="d-block style-568 style-local-789-c7 position-relative h-element">
                  <!---->
                  <div class="h-image__frame-container-outer">
                    <div class="h-image__frame-container">
                      <!---->
                      <!---->
                      <img loading="lazy" decoding="async" width="669" height="600" src="https://www.nueziger-edelbrenner.at/wp-content/uploads/2021/04/Flasche.jpg" class="wp-image-792 style-568-image style-local-789-c7-image" alt="" srcset="https://www.nueziger-edelbrenner.at/wp-content/uploads/2021/04/Flasche.jpg 669w, https://www.nueziger-edelbrenner.at/wp-content/uploads/2021/04/Flasche-300x269.jpg 300w" sizes="auto, (max-width: 669px) 100vw, 669px" />
                      <div class="h-image__frame h-hide-lg h-hide-md h-hide-sm style-568-frameImage style-local-789-c7-frameImage"></div>
                    </div>
                  </div>
                </div>
              </div>
            </div>
          </div>
        </div>
      </div>
    </div>
  </div>
</div>

<p>Aufgrund der Pandemie konnten wird leider keine öffentliche Präsentation unseres ersten Edelbrandes durchführen. Alle 184 Flaschen wurden aber persönlich an die Besteller übergeben. Wir hoffen, dass wir bei kommenden Projekten ihnen als bestehender&nbsp; oder zukünftiger Kunde mehr Einblicke in die Herstellung eines Edelbrandes gewähren können. Ideen haben wir schon &#8230;</p>
