{"id":689,"date":"2021-02-28T08:29:30","date_gmt":"2021-02-28T08:29:30","guid":{"rendered":"https:\/\/www.nueziger-edelbrenner.at\/?page_id=689"},"modified":"2021-07-19T06:43:41","modified_gmt":"2021-07-19T06:43:41","slug":"gebrannt-in-nueziders","status":"publish","type":"page","link":"https:\/\/www.nueziger-edelbrenner.at\/index.php\/gebrannt-in-nueziders\/","title":{"rendered":"Gebrannt in N\u00fcziders"},"content":{"rendered":"<div data-colibri-id=\"689-c1\" class=\"style-497 style-local-689-c1 position-relative\">\n  <!---->\n  <div data-colibri-component=\"section\" data-colibri-id=\"689-c2\" id=\"reusable-sections\" class=\"h-section h-section-global-spacing d-flex align-items-lg-center align-items-md-center align-items-center style-498 style-local-689-c2 position-relative\">\n    <!---->\n    <!---->\n    <div class=\"h-section-grid-container h-section-boxed-container\">\n      <!---->\n      <div data-colibri-id=\"689-c3\" class=\"h-row-container gutters-row-lg-2 gutters-row-md-2 gutters-row-0 gutters-row-v-lg-2 gutters-row-v-md-2 gutters-row-v-2 style-499 style-local-689-c3 position-relative\">\n        <!---->\n        <div class=\"h-row justify-content-lg-center justify-content-md-center justify-content-center align-items-lg-stretch align-items-md-stretch align-items-stretch gutters-col-lg-2 gutters-col-md-2 gutters-col-0 gutters-col-v-lg-2 gutters-col-v-md-2 gutters-col-v-2\">\n          <!---->\n          <div class=\"h-column h-column-container d-flex h-col-lg-auto h-col-md-auto h-col-auto style-500-outer style-local-689-c4-outer\">\n            <div data-colibri-id=\"689-c4\" class=\"d-flex h-flex-basis h-column__inner h-px-lg-2 h-px-md-2 h-px-2 v-inner-lg-2 v-inner-md-2 v-inner-2 style-500 style-local-689-c4 position-relative\">\n              <!---->\n              <!---->\n              <div class=\"w-100 h-y-container h-column__content h-column__v-align flex-basis-100 align-self-lg-start align-self-md-start align-self-start\">\n                <!---->\n                <div data-colibri-id=\"689-c5\" class=\"h-text h-text-component style-501 style-local-689-c5 position-relative h-element\">\n                  <!---->\n                  <!---->\n                  <div class=\"\">\n                    <p>Aufgrund der Einschr\u00e4nkungen durch die Pandemie konnten wir&nbsp;leider&nbsp;\n                      <br>das Schaubrennen f\u00fcr unseren ersten Edelbrand zu unserem gro\u00dfen Bedauern nicht abhalten.<\/p>\n                    <p>Doch jetzt haben sie die M\u00f6glichkeit dabei zu sein:<\/p>\n                    <p>24.7.2021 ab 09:00 Uhr St. Vinerhof<\/p>\n                    <p>( unter Einhaltung der 3G Regel )<\/p>\n                    <p>F\u00fcr das leibliche Wohl ist gesorgt.<\/p>\n                    <p>Produkte der Brenner k\u00f6nnen verk\u00f6stigt u. erworben werden.<\/p>\n                    <p>\n                      <br>\n                    <\/p>\n                    <p>\n                      <br>\n                    <\/p>\n                  <\/div>\n                <\/div>\n              <\/div>\n            <\/div>\n          <\/div>\n          <div class=\"h-column h-column-container d-flex h-col-lg-auto h-col-md-auto h-col-auto style-536-outer style-local-689-c6-outer\">\n            <div data-colibri-id=\"689-c6\" class=\"d-flex h-flex-basis h-column__inner h-px-lg-2 h-px-md-2 h-px-2 v-inner-lg-2 v-inner-md-2 v-inner-2 style-536 style-local-689-c6 position-relative\">\n              <!---->\n              <!---->\n              <div class=\"w-100 h-y-container h-column__content h-column__v-align flex-basis-100 align-self-lg-start align-self-md-start align-self-start\">\n                <!---->\n                <div data-colibri-id=\"689-c7\" class=\"d-block style-541 style-local-689-c7 position-relative h-element\">\n                  <!---->\n                  <div class=\"h-image__frame-container-outer\">\n                    <div class=\"h-image__frame-container\">\n                      <!---->\n                      <!---->\n                      <img loading=\"lazy\" decoding=\"async\" width=\"417\" height=\"600\" src=\"https:\/\/www.nueziger-edelbrenner.at\/wp-content\/uploads\/2021\/02\/Brennen1.jpg\" class=\"wp-image-692 style-541-image style-local-689-c7-image\" alt=\"\" srcset=\"https:\/\/www.nueziger-edelbrenner.at\/wp-content\/uploads\/2021\/02\/Brennen1.jpg 417w, https:\/\/www.nueziger-edelbrenner.at\/wp-content\/uploads\/2021\/02\/Brennen1-209x300.jpg 209w\" sizes=\"auto, (max-width: 417px) 100vw, 417px\" \/>\n                      <div class=\"h-image__frame h-hide-lg h-hide-md h-hide-sm style-541-frameImage style-local-689-c7-frameImage\"><\/div>\n                    <\/div>\n                  <\/div>\n                <\/div>\n              <\/div>\n            <\/div>\n          <\/div>\n          <div class=\"h-column h-column-container d-flex h-col-lg-auto h-col-md-auto h-col-auto style-540-outer style-local-689-c8-outer\">\n            <div data-colibri-id=\"689-c8\" class=\"d-flex h-flex-basis h-column__inner h-px-lg-2 h-px-md-2 h-px-2 v-inner-lg-2 v-inner-md-2 v-inner-2 style-540 style-local-689-c8 position-relative\">\n              <!---->\n              <!---->\n              <div class=\"w-100 h-y-container h-column__content h-column__v-align flex-basis-100 align-self-lg-start align-self-md-start align-self-start\">\n                <!---->\n                <div data-colibri-id=\"689-c9\" class=\"d-block style-542 style-local-689-c9 position-relative h-element\">\n                  <!---->\n                  <div class=\"h-image__frame-container-outer\">\n                    <div class=\"h-image__frame-container\">\n                      <!---->\n                      <!---->\n                      <img loading=\"lazy\" decoding=\"async\" width=\"754\" height=\"600\" src=\"https:\/\/www.nueziger-edelbrenner.at\/wp-content\/uploads\/2021\/02\/Brennen2.jpg\" class=\"wp-image-693 style-542-image style-local-689-c9-image\" alt=\"\" srcset=\"https:\/\/www.nueziger-edelbrenner.at\/wp-content\/uploads\/2021\/02\/Brennen2.jpg 754w, https:\/\/www.nueziger-edelbrenner.at\/wp-content\/uploads\/2021\/02\/Brennen2-300x239.jpg 300w\" sizes=\"auto, (max-width: 754px) 100vw, 754px\" \/>\n                      <div class=\"h-image__frame h-hide-lg h-hide-md h-hide-sm style-542-frameImage style-local-689-c9-frameImage\"><\/div>\n                    <\/div>\n                  <\/div>\n                <\/div>\n              <\/div>\n            <\/div>\n          <\/div>\n        <\/div>\n      <\/div>\n    <\/div>\n  <\/div>\n<\/div>","protected":false},"excerpt":{"rendered":"<p>Aufgrund der Einschr\u00e4nkungen durch die Pandemie konnten wir&nbsp;leider&nbsp; das Schaubrennen f\u00fcr unseren ersten Edelbrand zu unserem gro\u00dfen Bedauern nicht abhalten. Doch jetzt haben sie die M\u00f6glichkeit dabei zu sein: 24.7.2021 ab 09:00 Uhr St. Vinerhof ( unter Einhaltung der 3G Regel ) F\u00fcr das leibliche Wohl ist gesorgt. Produkte der Brenner k\u00f6nnen verk\u00f6stigt u. erworben [&hellip;]<\/p>\n","protected":false},"author":1,"featured_media":0,"parent":0,"menu_order":0,"comment_status":"closed","ping_status":"closed","template":"page-templates\/full-width-page.php","meta":{"footnotes":""},"class_list":["post-689","page","type-page","status-publish","hentry"],"_links":{"self":[{"href":"https:\/\/www.nueziger-edelbrenner.at\/index.php\/wp-json\/wp\/v2\/pages\/689","targetHints":{"allow":["GET"]}}],"collection":[{"href":"https:\/\/www.nueziger-edelbrenner.at\/index.php\/wp-json\/wp\/v2\/pages"}],"about":[{"href":"https:\/\/www.nueziger-edelbrenner.at\/index.php\/wp-json\/wp\/v2\/types\/page"}],"author":[{"embeddable":true,"href":"https:\/\/www.nueziger-edelbrenner.at\/index.php\/wp-json\/wp\/v2\/users\/1"}],"replies":[{"embeddable":true,"href":"https:\/\/www.nueziger-edelbrenner.at\/index.php\/wp-json\/wp\/v2\/comments?post=689"}],"version-history":[{"count":4,"href":"https:\/\/www.nueziger-edelbrenner.at\/index.php\/wp-json\/wp\/v2\/pages\/689\/revisions"}],"predecessor-version":[{"id":846,"href":"https:\/\/www.nueziger-edelbrenner.at\/index.php\/wp-json\/wp\/v2\/pages\/689\/revisions\/846"}],"wp:attachment":[{"href":"https:\/\/www.nueziger-edelbrenner.at\/index.php\/wp-json\/wp\/v2\/media?parent=689"}],"curies":[{"name":"wp","href":"https:\/\/api.w.org\/{rel}","templated":true}]}}

Gebrannt in Nüziders

<div data-colibri-id="689-c1" class="style-497 style-local-689-c1 position-relative">
  <!---->
  <div data-colibri-component="section" data-colibri-id="689-c2" id="reusable-sections" class="h-section h-section-global-spacing d-flex align-items-lg-center align-items-md-center align-items-center style-498 style-local-689-c2 position-relative">
    <!---->
    <!---->
    <div class="h-section-grid-container h-section-boxed-container">
      <!---->
      <div data-colibri-id="689-c3" class="h-row-container gutters-row-lg-2 gutters-row-md-2 gutters-row-0 gutters-row-v-lg-2 gutters-row-v-md-2 gutters-row-v-2 style-499 style-local-689-c3 position-relative">
        <!---->
        <div class="h-row justify-content-lg-center justify-content-md-center justify-content-center align-items-lg-stretch align-items-md-stretch align-items-stretch gutters-col-lg-2 gutters-col-md-2 gutters-col-0 gutters-col-v-lg-2 gutters-col-v-md-2 gutters-col-v-2">
          <!---->
          <div class="h-column h-column-container d-flex h-col-lg-auto h-col-md-auto h-col-auto style-500-outer style-local-689-c4-outer">
            <div data-colibri-id="689-c4" class="d-flex h-flex-basis h-column__inner h-px-lg-2 h-px-md-2 h-px-2 v-inner-lg-2 v-inner-md-2 v-inner-2 style-500 style-local-689-c4 position-relative">
              <!---->
              <!---->
              <div class="w-100 h-y-container h-column__content h-column__v-align flex-basis-100 align-self-lg-start align-self-md-start align-self-start">
                <!---->
                <div data-colibri-id="689-c5" class="h-text h-text-component style-501 style-local-689-c5 position-relative h-element">
                  <!---->
                  <!---->
                  <div class="">
                    <p>Aufgrund der Einschränkungen durch die Pandemie konnten wir&nbsp;leider&nbsp;
                      <br>das Schaubrennen für unseren ersten Edelbrand zu unserem großen Bedauern nicht abhalten.</p>
                    <p>Doch jetzt haben sie die Möglichkeit dabei zu sein:</p>
                    <p>24.7.2021 ab 09:00 Uhr St. Vinerhof</p>
                    <p>( unter Einhaltung der 3G Regel )</p>
                    <p>Für das leibliche Wohl ist gesorgt.</p>
                    <p>Produkte der Brenner können verköstigt u. erworben werden.</p>
                    <p>
                      <br>
                    </p>
                    <p>
                      <br>
                    </p>
                  </div>
                </div>
              </div>
            </div>
          </div>
          <div class="h-column h-column-container d-flex h-col-lg-auto h-col-md-auto h-col-auto style-536-outer style-local-689-c6-outer">
            <div data-colibri-id="689-c6" class="d-flex h-flex-basis h-column__inner h-px-lg-2 h-px-md-2 h-px-2 v-inner-lg-2 v-inner-md-2 v-inner-2 style-536 style-local-689-c6 position-relative">
              <!---->
              <!---->
              <div class="w-100 h-y-container h-column__content h-column__v-align flex-basis-100 align-self-lg-start align-self-md-start align-self-start">
                <!---->
                <div data-colibri-id="689-c7" class="d-block style-541 style-local-689-c7 position-relative h-element">
                  <!---->
                  <div class="h-image__frame-container-outer">
                    <div class="h-image__frame-container">
                      <!---->
                      <!---->
                      <img loading="lazy" decoding="async" width="417" height="600" src="https://www.nueziger-edelbrenner.at/wp-content/uploads/2021/02/Brennen1.jpg" class="wp-image-692 style-541-image style-local-689-c7-image" alt="" srcset="https://www.nueziger-edelbrenner.at/wp-content/uploads/2021/02/Brennen1.jpg 417w, https://www.nueziger-edelbrenner.at/wp-content/uploads/2021/02/Brennen1-209x300.jpg 209w" sizes="auto, (max-width: 417px) 100vw, 417px" />
                      <div class="h-image__frame h-hide-lg h-hide-md h-hide-sm style-541-frameImage style-local-689-c7-frameImage"></div>
                    </div>
                  </div>
                </div>
              </div>
            </div>
          </div>
          <div class="h-column h-column-container d-flex h-col-lg-auto h-col-md-auto h-col-auto style-540-outer style-local-689-c8-outer">
            <div data-colibri-id="689-c8" class="d-flex h-flex-basis h-column__inner h-px-lg-2 h-px-md-2 h-px-2 v-inner-lg-2 v-inner-md-2 v-inner-2 style-540 style-local-689-c8 position-relative">
              <!---->
              <!---->
              <div class="w-100 h-y-container h-column__content h-column__v-align flex-basis-100 align-self-lg-start align-self-md-start align-self-start">
                <!---->
                <div data-colibri-id="689-c9" class="d-block style-542 style-local-689-c9 position-relative h-element">
                  <!---->
                  <div class="h-image__frame-container-outer">
                    <div class="h-image__frame-container">
                      <!---->
                      <!---->
                      <img loading="lazy" decoding="async" width="754" height="600" src="https://www.nueziger-edelbrenner.at/wp-content/uploads/2021/02/Brennen2.jpg" class="wp-image-693 style-542-image style-local-689-c9-image" alt="" srcset="https://www.nueziger-edelbrenner.at/wp-content/uploads/2021/02/Brennen2.jpg 754w, https://www.nueziger-edelbrenner.at/wp-content/uploads/2021/02/Brennen2-300x239.jpg 300w" sizes="auto, (max-width: 754px) 100vw, 754px" />
                      <div class="h-image__frame h-hide-lg h-hide-md h-hide-sm style-542-frameImage style-local-689-c9-frameImage"></div>
                    </div>
                  </div>
                </div>
              </div>
            </div>
          </div>
        </div>
      </div>
    </div>
  </div>
</div>

<p>Aufgrund der Einschränkungen durch die Pandemie konnten wir&nbsp;leider&nbsp; das Schaubrennen für unseren ersten Edelbrand zu unserem großen Bedauern nicht abhalten. Doch jetzt haben sie die Möglichkeit dabei zu sein: 24.7.2021 ab 09:00 Uhr St. Vinerhof ( unter Einhaltung der 3G Regel ) Für das leibliche Wohl ist gesorgt. Produkte der Brenner können verköstigt u. erworben [&hellip;]</p>
